 6 a factor of 18097450?
False
Is 729601405 a multiple of 1320?
False
Does 217 divide 1180836194?
False
Is 42425136 a multiple of 1399?
False
Is 53108150 a multiple of 75?
False
Is 702 a factor of 25298676?
True
Is 1356 a factor of 16316748?
True
Is 46836325 a multiple of 64?
False
Does 6 divide 221138766?
True
Is 23446798 a multiple of 9?
False
Is 304137054 a multiple of 4957?
False
Is 90960410 a multiple of 38?
True
Does 13 divide 23857416?
False
Does 4 divide 8146512?
True
Does 50 divide 45759584?
False
Is 512582625 a multiple of 997?
True
Is 135 a factor of 100194384?
False
Does 1167 divide 167501844?
True
Is 145 a factor of 10160220?
False
Does 40 divide 1411711600?
True
Does 246 divide 4739190?
True
Is 4873 a factor of 56687609?
True
Does 2057 divide 1193515943?
False
Is 4015888 a multiple of 64?
False
Is 7 a factor of 175209345?
False
Is 74 a factor of 1849601?
False
Is 50216544 a multiple of 399?
True
Does 68 divide 37575372?
True
Is 498 a factor of 846116652?
False
Is 961526377 a multiple of 1860?
False
Is 818177802 a multiple of 26?
True
Is 11688105 a multiple of 2145?
True
Is 7099 a factor of 20757476?
True
Does 13 divide 9754264?
True
Is 824727 a multiple of 55?
False
Does 4 divide 12501224?
True
Is 179005223 a multiple of 17?
True
Does 14 divide 89231823?
False
Does 141 divide 65099475?
False
Is 15 a factor of 127511219?
False
Is 223953995 even?
False
Is 35 a factor of 185018981?
False
Is 50 a factor of 2230820572?
False
Does 72 divide 1712188678?
False
Does 1534 divide 29908398?
True
Is 3 a factor of 73274678?
False
Does 828 divide 478502028?
True
Is 89251280 a multiple of 20?
True
Is 57 a factor of 133919854?
False
Is 1114037931 a multiple of 157?
True
Is 724566408 a multiple of 67?
True
Is 369 a factor of 29566926?
False
Does 5 divide 71932576?
False
Does 154 divide 29255996?
True
Is 96139209 a multiple of 1531?
False
Does 1059 divide 52264419?
False
Is 682311375 a multiple of 3425?
True
Is 178460846 a multiple of 581?
False
Does 42 divide 420081270?
True
Is 79018024 a multiple of 229?
False
Is 8 a factor of 5290788?
False
Is 126982042 a multiple of 12?
False
Is 1280 a factor of 279731200?
True
Does 1496 divide 83074247?
False
Is 239 a factor of 502376327?
True
Is 819656 a multiple of 8?
True
Is 626002 a multiple of 3?
False
Is 54552234 a multiple of 4?
False
Is 36 a factor of 706395183?
False
Is 1008513417 a multiple of 733?
False
Does 269 divide 14101249?
True
Is 13 a factor of 92315452?
False
Is 574107614 a multiple of 76?
False
Does 18 divide 741580858?
False
Does 205 divide 80817355?
True
Does 494 divide 99107268?
True
Is 504917052 a multiple of 216?
False
Does 13 divide 77685996?
False
Is 73898062 a multiple of 14?
True
Is 310 a factor of 685954431?
False
Is 42624314 a multiple of 47?
False
Is 26 a factor of 59180971?
False
Is 26239038 a multiple of 133?
True
Is 6268742 a multiple of 25?
False
Does 2431 divide 30518502?
False
Is 44 a factor of 103018287?
False
Does 3513 divide 1616074851?
True
Is 13 a factor of 347580601?
False
Is 512 a factor of 283122185?
False
Is 10 a factor of 11782040?
True
Does 3491 divide 355330684?
False
Is 8850204 a multiple of 46?
False
Is 15 a factor of 1445210355?
True
Is 1021979496 a multiple of 12?
True
Is 547118228 a multiple of 602?
False
Is 16 a factor of 94821942?
False
Does 8 divide 5843310?
False
Does 16 divide 196428951?
False
Is 229309744 a multiple of 332?
True
Is 14 a factor of 722974448?
True
Does 5873 divide 2338734314?
True
Is 130670244 a multiple of 737?
False
Does 167 divide 34640418?
False
Is 4688886 a multiple of 2?
True
Is 2791 a factor of 954085730?
False
Is 353848376 a multiple of 184?
True
Is 32 a factor of 1223629312?
True
Is 14 a factor of 117711094?
False
Does 665 divide 506068325?
True
Is 88 a factor of 14497824?
True
Is 103 a factor of 147383318?
True
Is 5540037 a multiple of 2813?
False
Is 186087622 a multiple of 118?
False
Is 623 a factor of 569341629?
False
Does 1116 divide 355452696?
True
Is 306690132 a multiple of 879?
True
Is 844032192 a multiple of 4200?
False
Is 11 a factor of 12738682?
True
Is 260638617 a multiple of 1773?
False
Is 16 a factor of 3207542?
False
Is 3633338 a multiple of 1502?
True
Does 13 divide 84402864?
True
Is 654174612 a multiple of 1450?
False
Does 944 divide 173886688?
True
Is 291110620 a multiple of 10?
True
Is 8 a factor of 14299664?
True
Is 119305695 a multiple of 5?
True
Is 214879455 a multiple of 4655?
True
Is 39693353 a multiple of 251?
False
Does 67 divide 145705283?
False
Is 76381292 a multiple of 1843?
True
Is 211494080 a multiple of 448?
True
Is 3016087672 a multiple of 228?
False
Is 2839915122 a multiple of 33?
True
Is 376 a factor of 1563639088?
False
Is 305678375 a multiple of 1205?
True
Is 384 a factor of 3088516171?
False
Is 13 a factor of 5018535?
False
Is 407744505 a multiple of 12?
False
Does 12 divide 29548141?
False
Does 356 divide 151225960?
False
Does 39 divide 337196184?
True
Is 44 a factor of 453108172?
True
Is 29 a factor of 163157683?
True
Is 1062078562 a multiple of 16?
False
Is 2535 a factor of 133467750?
True
Is 140488096 a multiple of 100?
False
Is 76 a factor of 50597760?
True
Does 45 divide 260876390?
False
Does 4368 divide 1601363966?
False
Does 12 divide 1007567892?
True
Is 2072 a factor of 223842304?
True
Is 6 a factor of 34247547?
False
Is 11 a factor of 68889061?
False
Is 2534520 a multiple of 120?
True
Is 131 a factor of 10071411?
True
Does 140 divide 15815210?
False
Is 16883874 a multiple of 6?
True
Is 6127450 a multiple of 5?
True
Does 3 divide 44773508?
False
Is 45 a factor of 175737551?
False
Is 18 a factor of 2180354?
False
Is 623 a factor of 103774979?
True
Does 6 divide 219188947?
False
Is 211436843 a multiple of 535?
False
Is 65482633 a multiple of 31?
True
Does 167 divide 334847358?
True
Is 4807 a factor of 376633257?
True
Is 21931909 a multiple of 94?
False
Is 476955895 a multiple of 13?
True
Does 6 divide 168090284?
False
Is 8017820 a multiple of 4?
True
Is 15 a factor of 417023339?
False
Does 229 divide 398581277?
False
Is 576461536 a multiple of 14?
True
Is 20776410 a multiple of 49?
False
Is 388 a factor of 313892?
True
Is 4 a factor of 44901071?
False
Is 3052919500 a multiple of 340?
True
Is 117 a factor of 145098303?
False
Is 187 a factor of 838060161?
False
Does 733 divide 35712314?
False
Does 163 divide 213395525?
True
Is 5900 a factor of 285925800?
True
Is 65647331 a multiple of 1263?
False
Is 2612 a factor of 480978904?
True
Does 8 divide 4871599?
False
Is 135978122 a multiple of 44?
False
Is 19 a factor of 224119459?
True
Does 13 divide 514155652?
False
Is 22583296 a multiple of 215?
False
Is 25 a factor of 5062150?
True
Does 38 divide 365053802?
True
Is 9 a factor of 64555553?
False
Does 894 divide 948735150?
True
Is 788 a factor of 12621396?
True
Is 192 a factor of 18115588?
False
Is 68930217 a multiple of 597?
True
Is 42588570 a multiple of 10?
True
Is 39533450 a multiple of 10?
True
Is 25438553 a multiple of 296?
False
Is 1875 a factor of 601744261?
False
Does 430 divide 96959523?
False
Is 6225660 a multiple of 122?
True
Is 33689918 a multiple of 95?
False
Is 35646528 a multiple of 248?
True
Is 9 a factor of 212987241?
True
Is 28163630 a multiple of 11?
True
Does 41 divide 5096752?
False
Is 21 a factor of 225262296?
True
Is 234597501 a multiple of 37?
True
Is 8265360 a multiple of 10?
True
Is 7967092 a multiple of 4?
True
Is 7 a factor of 442946?
True
Is 112 a factor of 7016912?
True
Does 30 divide 320842281?
False
Is 11 a factor of 105054?
False
Is 499 a factor of 9291380?
True
Does 26 divide 20639313?
False
Is 1862336036 a multiple of 5819?
True
Does 1114 divide 10308595?
False
Does 14 divide 118691286?
True
Is 492342089 a multiple of 30?
False
Does 824 divide 27263688?
True
Does 802 divide 11859976?
True
Does 62 divide 9154201?
False
Is 2554600 a multiple of 5?
True
Does 1535 divide 2008019460?
True
Is 215 a factor of 6015742?
False
Is 456252744 a multiple of 12?
True
Does 856 divide 5893077461?
False
Is 12 a factor of 12549916?
False
Is 2534 a factor of 28093905?
False
Is 52 a factor of 59968376?
True
Is 39 a factor of 2980224?
True
Is 123704925 a multiple of 25?
True
Is 2882590532 a multiple of 132?
False
Is 216 a factor of 213891192?
True
Does 16 divide 295592197